) = n + 11. What is the tens digit of s(m)?
1
Suppose -3*l + 0*o = o - 145, 5*l + 2*o = 242. What is the units digit of l?
8
Let z = 7 + 1. What is the units digit of z?
8
What is the units digit of (-57)/12*(-2 + -18 + 4)?
6
What is the units digit of (-10)/7*(2 - 9)?
0
Suppose -2*a + 130 = -0*a. What is the units digit of a?
5
Let m(t) = -t**3 - 27*t**3 - 24*t**3 + 26*t**3 + t**2. What is the tens digit of m(-1)?
2
Let v(h) = -h - 2. Let n be v(-5). Suppose 3*w + 0 = 3*y - n, -2*w = -8. Suppose 0 = y*s - 0*s - 25. What is the units digit of s?
5
Suppose 0 = 7*r - 8*r + 113. What is the tens digit of r?
1
What is the hundreds digit of (-1 + 220)/(-3 - 24/(-6))?
2
Let h(d) = -d**3 + 7*d**2 - 5*d + 7. Let g be h(6). Suppose -5*v = -3*n - g + 90, 5*n + 4*v = 153. What is the units digit of n?
9
Suppose 2*n - 8 = -0*n. Suppose 3*h = -3*i + 60, n*i + h - 3 - 71 = 0. What is the units digit of i?
8
Let o(k) = -k**3 - 19*k**2 - 21*k - 11. What is the tens digit of o(-18)?
4
Suppose 5*t - r = 120 + 171, 0 = 3*t + 4*r - 193. What is the units digit of t?
9
Suppose j + 158 = -3*u, 3*j - 267 = 5*u + 15. What is the units digit of (u/15)/(4/(-10))?
9
Suppose o + 3 = 0, -v - 2*o + 0 + 13 = 0. What is the tens digit of v?
1
Let q be (-3)/9 + 24/(-9). Let p be 1 + q + 4/1. Suppose 0*j + 35 = 5*s - 5*j, p*s - 2 = 5*j. What is the units digit of s?
1
Let t be (1/(-3))/((-6)/(-306)). Let s = 1 - t. What is the tens digit of s?
1
Let u(z) = -z**3 + 3*z**2 - 2*z + 3. Let t be u(2). Suppose t*k - 19 = 86. Let n = k + -16. What is the tens digit of n?
1
Suppose 3*m = m. Let j = m - -3. Suppose 2*s = -5*y + 18, j*y + 5*s = -2*y + 15. What is the units digit of y?
4
Suppose 2*g - 11 = 1. Suppose -2*u = 5*r - g*r - 11, 0 = -3*r - 3. What is the units digit of u?
5
Let d be 3 - 5 - 3*-3. Suppose -36 = -11*r + d*r. What is the units digit of r?
9
Let m = 12 + -13. What is the tens digit of ((-119)/(-28))/(m/(-8))?
3
Let y be 4/14 - (-222)/7. Suppose q + y = 5*q + 3*h, 4*q - 3*h - 32 = 0. What is the units digit of q?
8
Let x(o) = -2*o - 9. What is the tens digit of x(-32)?
5
Let s = 2 - 1. Suppose -2*o + 1 = -5. Suppose s = -2*d - o, -4*i + 30 = -d. What is the units digit of i?
7
Let b = -80 - -142. What is the tens digit of b?
6
Suppose -4*h - 285 = -9*h. Suppose 5*n = 2*r + 80 - 12, -r = 4*n - h. What is the units digit of n?
4
Let n be 0 - 1 - 2*-3. Suppose 3*b - n = 4. Suppose 0 = b*o - 7 - 5. What is the units digit of o?
4
Let f be (4/2)/((-2)/4). Let h be 3/f - 22/(-8). Let j = h + 2. What is the units digit of j?
4
Suppose 4*i = -0*i + 20. Let t = i + -12. Let k(q) = q**2 + 6*q + 2. What is the units digit of k(t)?
9
Let m be -2 - (-1 + -302) - 1. Suppose -3*c = -5*t + t - 320, 4*t + 2*c = -m. What is the units digit of t/(-5) + 4/(-10)?
5
What is the units digit of (-20*(11 + 16/(-4)))/(-1)?
0
Let u(p) = -3 - 2*p - 1 + 0. Let o be u(-4). Let n = -3 + o. What is the units digit of n?
1
Suppose -18 = 2*w - 3*w. What is the units digit of w?
8
Suppose -3*x = -0*x + 18. Let s(c) = -2*c - 7. What is the units digit of s(x)?
5
Suppose 12 = -5*u + u. What is the units digit of (2/u)/((-4)/42)?
7
Let z(g) = -g**3 - g**2 - 2*g - 1. What is the units digit of z(-1)?
1
Let u(c) = 3*c**2 + 2. What is the units digit of u(3)?
9
Let l be (((-12)/14)/(-1))/(15/70). Suppose 4*w - 6 = -3*t, 3*t - t - 4 = -3*w. Suppose 2*o + 62 = l*n, 0 = t*n + 2*n + 4*o - 56. What is the units digit of n?
5
Suppose 4*m - 4*s = 3*m + 51, s = -m + 56. What is the units digit of m?
5
Suppose -14 = j - 2*j - 5*o, 5*o = -2*j + 18. Suppose 0 = j*n + 3*a - 68, -4*n + n = 4*a - 58. What is the tens digit of n?
1
Let r be (4/(-6))/((-1)/3). Suppose 24 = -r*o - 2*o. Let z = o - -10. What is the units digit of z?
4
Suppose -21*f + 20*f = -4. What is the units digit of f?
4
Let p(m) = m**2 - 3*m - 1. Let a be p(4). Let v = -2 + a. What is the units digit of v?
1
Suppose 2*n - 241 = -5*z, -5*n + 0*n = 3*z - 156. What is the units digit of z?
7
Let a be (-1)/((-3)/(-66)*-2). Suppose -4*y + 3*m + 44 = 0, y = -m - 4*m + a. What is the tens digit of y?
1
Let s(g) = 20*g**2 + 23*g - 9. Let l(z) = 7*z**2 + 8*z - 3. Let m(b) = -17*l(b) + 6*s(b). What is the units digit of m(-4)?
5
Suppose 2*s - 525 = -145. What is the tens digit of s?
9
Suppose 50 = 3*u + 5. Suppose 4*b - 47 = -u. What is the units digit of (b/6)/((-10)/(-105))?
4
Let r be 2 + 1 + -1 + 2. Suppose -2*h = -0*h - r*p, -15 = -5*p. What is the units digit of h?
6
Let a(t) = 8*t**3 - 5*t**2 - 4*t - 5. Let g(i) = 8*i**3 - 6*i**2 - 5*i - 6. Let x(p) = -7*a(p) + 6*g(p). What is the units digit of x(-1)?
8
Suppose 3*l - 42 = 72. Let q = l + -27. What is the tens digit of q?
1
What is the units digit of (-4824)/(-48)*4*(-4)/(-6)?
8
Let q(a) = -11*a. What is the tens digit of q(-6)?
6
Let v(r) = r**3 + r**2 + 2. Let q be v(0). Suppose 2*a + q*a - 32 = 0. Suppose -g + a = -1. What is the units digit of g?
9
Suppose -2*g + 2 + 6 = 0. Let h = g + -1. What is the units digit of 23 - (2 + (3 - h))?
1
Let k(c) be the third derivative of -c**6/120 - c**5/12 + c**4/6 - 2*c**2. Let a be k(-6). Let p = a + -7. What is the units digit of p?
5
Suppose 0 = -2*d - 0*d. Suppose d*o = 2*o. Let w = o + 10. What is the units digit of w?
0
Suppose 2*z + 2*z + f = 183, 0 = z - f - 52. What is the tens digit of z?
4
Let v be (-2)/(-4)*-10*-1. Suppose -v*q - 20 + 155 = 0. What is the units digit of q?
7
Let b(u) = 7*u**2 - 2*u - 3. Suppose -s + 2*s = -2. What is the units digit of b(s)?
9
Let l = 10 - 5. Let a(q) = -q**3 + 4*q**2 + 5*q + 3. What is the units digit of a(l)?
3
Suppose -d - 3*d + 32 = 0. What is the units digit of d?
8
Suppose 5*g - 9*g + 136 = 0. Let y = g + -24. What is the units digit of y?
0
Let s be (20/15)/((-2)/6). What is the units digit of (-3)/s + (-195)/(-12)?
7
Let q be (-18)/(-10)*(4 - -1). Let w(i) = -i**2 + 10*i + 6. What is the units digit of w(q)?
5
Let o(g) = g**2 + 3*g + 4. Suppose 2*d - n - 10 = n, 3*n = -d - 7. Let k = -5 + d. What is the units digit of o(k)?
4
Let v = 15 - 11. Let c = v + 29. Suppose -3 = -2*m - 3*h, -3*h = -0*m - 4*m + c. What is the units digit of m?
6
Suppose -19*p + 117 = -16*p. Suppose -2*x = -21 - p. What is the units digit of x?
0
Let l(d) = 4 + 8*d**2 - 3 - 2 + d - d**3. What is the units digit of l(8)?
7
What is the units digit of 39/5 + (-1)/(-5)?
8
Let a(z) = -2 - 4 + 4 + z**3 - 4*z**2 + 1. What is the units digit of a(5)?
4
Suppose 0 = 3*x - 66 - 57. What is the tens digit of x?
4
Let g = -136 - -200. Suppose g = -0*k + 2*k. What is the tens digit of k?
3
Suppose q - 3*r - 110 - 127 = 0, 3*q - 2*r - 718 = 0. What is the hundreds digit of q?
2
What is the units digit of (-12 + 2 + -2)*(-221)/34?
8
Let m(r) = -r + 1. Let q be 3 - (-12)/(0 + -2). What is the units digit of m(q)?
4
Let k be ((-4)/3)/(2/6). Let o = 27 + k. What is the tens digit of o?
2
Suppose 0 + 36 = 4*h. Let s(k) be the first derivative of -k**3/3 + 4*k**2 + 11*k - 1. What is the units digit of s(h)?
2
Let b(l) = -15*l - 19*l**2 - 8 + l**3 + 6 + 20 + 4*l**2. What is the tens digit of b(16)?
3
Let m = 40 - -58. What is the tens digit of m?
9
Let t = 145 + 36. What is the units digit of t?
1
Let g(f) be the first derivative of f**4/4 - 8*f**3/3 + 9*f**2/2 - 9*f + 1. What is the units digit of g(7)?
5
Let h(n) = 2*n - 5. Let z be h(5). Suppose -z*t = -2*r + 70, 4*t = -5*r + 2*r + 82. What is the tens digit of r?
3
Let y(b) = -b + 7. Suppose 0 = -t + 2*z + 7, 3*t + 0*z + 3*z - 12 = 0. Let a be y(t). What is the units digit of ((-2 - -2) + 4)*a?
8
Let p(z) be the first derivative of z**4/4 - z**3 + z**2 - 4*z - 4. What is the units digit of p(3)?
2
Let g = -22 - -81. What is the tens digit of g?
5
Suppose 0 = 3*b - 0*b. Let q = b - -2. Suppose 4*m - v - 3 - 6 = 0, 3*v + 13 = -q*m. What is the units digit of m?
1
Let t(g) be the second derivative of 13*g**5/10 - g**4/12 + g**3/6 - g**2/2 + 2*g. What is the units digit of t(1)?
5
Suppose -4*i - y - 18 + 45 = 0, 2*i - 41 = 5*y. Suppose -4 + i = 2*j. What is the units digit of j?
2
Suppose l - 1 - 5 = 0. Let s(z) = z**2 - 6*z + 2. Let i be s(l). Let u(v) = v**3 - v - 2. What is the units digit of u(i)?
4
Suppose 8 = 4*z, 0*d - d + 4*z - 6 = 0. What is the units digit of d - (-1 + (-1)/1)?
4
Let v(c) = 4